*k - 7. Determine g(-8).
1
Let j(n) = -10*n**2 + 3*n - 3. What is j(2)?
-37
Let q(g) = -g**2 + 13*g - 12. Calculate q(11).
10
Let a(d) = -d**3 - 2*d**2 + 2*d - 32. Determine a(0).
-32
Let l(g) = 3*g**2 - 2*g - 19. Calculate l(-3).
14
Let t(d) = -d + 18. Calculate t(13).
5
Let h(n) = -n**3 + 6*n**2 + 7*n - 1. Calculate h(7).
-1
Let m(c) = -5*c**2 - 17*c + 8. Determine m(-4).
-4
Let a(v) = -v**3 - 10*v**2 + 4*v - 90. What is a(-11)?
-13
Let u(h) = -h**3 + 3*h + 3. Calculate u(-1).
1
Let s(c) = -c**2 - 177*c + 1287. Give s(7).
-1
Let b(d) = d**3 + 5*d**2 - 5*d. Determine b(-6).
-6
Let f(o) = o**2 - 10*o + 22. Give f(8).
6
Let g(d) = -d**3 + d**2 - 3*d + 4. Calculate g(3).
-23
Let o(t) = t**2 + 7*t + 17. What is o(-5)?
7
Let z(h) = 2*h**2 - 3*h + 4. Calculate z(2).
6
Let g(x) = -x**2 + 15*x + 81. Give g(-4).
5
Let a(b) = -2*b - 9. Determine a(-8).
7
Let m(t) = -2*t - 17. What is m(-6)?
-5
Let j(o) = o**3 + 8*o**2 + 2*o - 10. Calculate j(-8).
-26
Let r(b) = -b**3 + 3*b**2 + 3*b - 1. What is r(4)?
-5
Let r(m) = m - 4. Calculate r(12).
8
Let o(l) = l**2 + 24*l - 55. Determine o(-25).
-30
Let x(u) = -u**3 - 12*u**2 + 2*u + 17. Determine x(-12).
-7
Let g(n) = 6*n + 14. Determine g(-5).
-16
Let z(w) = 4*w - 4. Give z(0).
-4
Let l(g) = g**3 - 53*g**2 - g + 72. Determine l(53).
19
Let f(t) = 4*t**3 + 3*t**2 - 2*t - 2. Calculate f(2).
38
Let b(h) = -6*h - 11. Determine b(6).
-47
Let n(a) = 13*a**2 - 2*a + 1. Determine n(1).
12
Let d(q) = -2*q**2 + q + 12. What is d(-6)?
-66
Let s(h) = -5*h - 5. Determine s(5).
-30
Let w(z) = 2*z**3 + 5*z**2 - 17*z - 45. What is w(-3)?
-3
Let m(x) = -6*x + 1. Determine m(-2).
13
Let u(s) = 3*s**2 + 4*s - 2. What is u(3)?
37
Let l(v) = -v**2 - 2*v - 4. Give l(-6).
-28
Let x(d) = d**3 - 4*d**2 - 15*d + 13. Determine x(6).
-5
Let z(y) = -5*y + 25. Determine z(0).
25
Let o(a) = -7*a**2 - 4*a - 2. What is o(-2)?
-22
Let m(z) = -z**3 - 5*z**2 - z - 4. What is m(-5)?
1
Let o(c) = -c**3 - 8*c**2 - 6*c + 7. What is o(-3)?
-20
Let i(k) = 3*k + 16. Give i(-6).
-2
Let r(h) = -h**2 + 11*h - 29. Give r(8).
-5
Let m(q) = q**2 - 2*q + 6. Calculate m(0).
6
Let h(a) = -a + 21. Calculate h(17).
4
Let c(p) = -22*p**3 + p**2 - 1. Calculate c(1).
-22
Let r(f) = -f + 2. Give r(1).
1
Let s(x) = -x**2 + 9*x + 8. Determine s(9).
8
Let v(x) = x**2 - x - 13. Determine v(0).
-13
Let l(j) = -19*j**3 - j**2 + 1. Calculate l(1).
-19
Let r(t) = 3*t**2 - 11*t - 26. What is r(5)?
-6
Let c(m) = m - 8. Determine c(4).
-4
Let x(c) = -c**3 - 2*c**2. Give x(-2).
0
Let p(r) = -r**3 + 8*r**2 - 5*r - 2. Determine p(7).
12
Let p(v) = -v**2 - 8*v - 6. What is p(-3)?
9
Let y(s) = s**2 - 20*s - 38. Determine y(23).
31
Let o(y) = -y**2 - 25*y - 148. Calculate o(-12).
8
Let a(u) = -u - 27. What is a(-11)?
-16
Let i(u) = -u**3 - 7*u**2 + 10. Give i(-7).
10
Let g(k) = -8*k**2 + 3*k + 2. Determine g(-2).
-36
Let g(f) = -f**3 + 9*f**2 + 3*f - 20. What is g(9)?
7
Let p(s) = s + 14. Give p(-20).
-6
Let p(z) = -z**2 - 17*z - 88. Calculate p(-12).
-28
Let l(y) = -y**3 + 15. Give l(0).
15
Let d(q) = -q**3 + 42*q**2 - 42*q + 55. Determine d(41).
14
Let y(p) = 11*p**2 - 1. Determine y(1).
10
Let g(q) = 4*q - 5. Calculate g(7).
23
Let i(q) = -5*q + 2. Give i(-3).
17
Let g(m) = m**3 - 5*m**2 + 3*m - 18. Determine g(4).
-22
Let k(c) = -3*c + 79. Give k(16).
31
Let d(x) = x**3 + 51*x**2 + x + 51. What is d(-51)?
0
Let b(a) = -4*a + 12. Determine b(8).
-20
Let c(h) = 7*h**3 + h**2 + 4*h - 4. Calculate c(1).
8
Let m(k) = -k**2 - 3*k + 128. Calculate m(10).
-2
Let t(n) = -n**3 - 8*n**2 - 3*n + 7. What is t(-7)?
-21
Let k(f) = -2*f + 33. Determine k(14).
5
Let y(v) = -v**2 - 9*v + 12. What is y(-10)?
2
Let n(k) = 8*k**2 - 2*k - 9. Calculate n(2).
19
Let w(l) = l**3 - 7*l**2 + l + 4. What is w(3)?
-29
Let n(q) = q**3 + 2*q**2 - 2*q - 146. What is n(0)?
-146
Let d(k) = -k**2 + 22*k + 48. Give d(24).
0
Let y(r) = r**2 - 12*r + 16. Determine y(11).
5
Let y(w) = w**2 + 6*w + 13. Give y(-3).
4
Let b(l) = -l**3 - 7*l**2 - 6*l + 7. What is b(-6)?
7
Let x(i) = -i**2 + 3*i + 10. Determine x(7).
-18
Let a(s) = -16*s + 81. What is a(9)?
-63
Let z(j) = 4*j + 14. Give z(-10).
-26
Let j(v) = -v**3 + 21*v**2 + 22*v + 2. Determine j(22).
2
Let t(v) = -2*v**2 - v + 5. Give t(-4).
-23
Let r(m) = -2*m - 68. Calculate r(-8).
-52
Let c(j) = -j**3 + 11*j**2 + 15*j - 4. Determine c(12).
32
Let y(w) = w**3 - 16*w**2 - 16*w - 13. What is y(17)?
4
Let z(w) = -4*w + 1. What is z(1)?
-3
Let o(f) = f**3 + 17*f**2 + f - 2. Calculate o(-17).
-19
Let n(l) = -2*l**2 + 11*l - 14. Calculate n(4).
-2
Let l(d) = -3*d**2 - 17*d - 3. Calculate l(-5).
7
Let f(p) = 5*p**2 - 44*p - 5. Determine f(8).
-37
Let p(x) = -4*x - 3. Give p(5).
-23
Let i(q) = q**3 - 15*q**2 + 15*q - 9. Calculate i(14).
5
Let p(u) = -7*u + 1. Determine p(-9).
64
Let t(i) = 2*i - 55. Give t(16).
-23
Let d(i) = -i**3 - 10*i**2 + i + 1. Give d(-10).
-9
Let d(v) = 9*v + 31. What is d(0)?
31
Let c(y) = 5*y - 16. What is c(2)?
-6
Let h(i) = i**2 + 13*i + 9. Determine h(-12).
-3
Let u(d) = -d + 11. Give u(4).
7
Let a(l) = l**3 - 4*l**2 - 2*l - 20. What is a(5)?
-5
Let v(q) = -q**2 + q - 2. Calculate v(-3).
-14
Let i(c) = c**2 - 2*c - 7. Give i(3).
-4
Let n(p) = -3*p**2 + 133*p + 80. Give n(45).
-10
Let f(v) = v + 6. Determine f(5).
11
Let m(a) = -a**2 - 9*a - 5. Determine m(-8).
3
Let b(f) = f**3 - 3*f**2 - 2*f + 1. What is b(4)?
9
Let l(s) = -s**3 + 7*s**2 - 10*s + 4. Calculate l(4).
12
Let k(n) = n**3 + 3*n + 16. Determine k(0).
16
Let g(y) = -6*y - 17. Give g(-6).
19
Let t(w) = -w**3 - 9*w**2 + 3*w + 22. Calculate t(-9).
-5
Let p(i) = -2*i**2 + 3*i + 6. Give p(5).
-29
Let w(k) = 6*k. What is w(4)?
24
Let n(z) = z - 11. What is n(17)?
6
Let b(i) = -i**2 + 3*i + 18. What is b(-6)?
-36
Let i(l) = -l**3 - 19*l**2 - 45*l + 39. What is i(-16)?
-9
Let c(s) = s**3 + 18*s**2 + 31*s - 14. Give c(-16).
2
Let b(g) = -g**3 + 3*g**2 + 7*g - 9. Determine b(4).
3
Let h(i) = 4*i - 9. Determine h(-3).
-21
Let j(t) = 2*t - 15. Determine j(5).
-5
Let g(s) = s**2 - 25*s - 52. Give g(-2).
2
Let k(a) = -24*a**2 - 7*a + 6. Determine k(1).
-25
Let u(h) = -h**2 + 11*h - 16. What is u(8)?
8
Let k(n) = -3*n + 21. Determine k(11).
-12
Let j(c) = c + 37. Give j(0).
37
Let s(w) = 8*w - 15. What is s(7)?
41
Let y(r) = r**2 - 3*r - 3. What is y(-2)?
7
Let l(r) = 148*r + 291. Give l(-2).
-5
Let h(o) = 2*o**2 - 9*o - 7. Give h(5).
-2
Let b(j) = -2*j**2 - 9*j - 9. Determine b(-6).
-27
Let g(n) = -n**2 + 7*n + 2. What is g(6)?
8
Let b(d) = d**3 - 3*d**2 - 6*d - 24. What is b(5)?
-4
Let f(c) = -5*c + 5. What is f(3)?
-10
Let d(c) = -100*c - 806. Calculate d(-8).
-6
Let j(o) = 3*o**2 - o - 4. Give j(-2).
10
Let y(q) = -11*q + 10. What is y(-11)?
131
Let g(t) = -t**2 + 3*t + 60. Calculate g(-6).
6
Let q(l) = -28*l - 182. Give q(-6).
-14
Let s(t) = 9*t**3 + 306*t**2 - 2*t - 71. Calculate s(-34).
-3
Let p(y) = -29*y**2 - 2*y + 1. Give p(2).
-119
Let g(f) = 5*f + 15. What is g(-5)?
-10
Let y(s) = 6*s**3 - 4*s**2 + 5*s. What is y(2)?
42
Let d(u) = -41*u + 1. What is d(-1)?
42
Let v(y) = 2*y**3 + 4*y**2 - 5*y - 3. What is v(-4)?
-47
Let l(s) = 5*s + 13. Calculate l(1).
18
Let w(x) = -x**3 - 33*x**2 - 7*x - 242. Give w(-33).
-11
Let c(u) = -2*u**2 - 18*u - 5. What is c(-8)?
11
Let z(q) = q - 13. Calculate z(7).
-6
Let r(l) = -15*l**2 - 9*l - 9. What is r(-1)?
-15
Let r(t) = -t**3 - 21*t**2 - 19*t + 31. Determine r(-20).
11
Let y(a) = -a**3 + 4*a**2 + 7*a + 4. Determine y(4).
32
Let v(s) = 2*s**3 + 29*s**2 - 13*s + 8. Determine v(-15).
-22
Let j(n) = 3*n**2 + 13*n + 4. Determine j(-3).
-8
Let b(h) = -h**3 - 8*h**2 + 4*h + 5. Calculate b(-9).
50
Let g(w) = 8*w**2 + 85*w - 27. Determine g(-11).
6
Let z(t) = t**3 + 16*t**2 + 25*t - 28. Determine z(-14).
14
Let o(x) = x**2 + 12*x - 63. Give o(-16).
1
Let w(h) = 6*h - 1. Calculate w(7).
41
Let m(c) = 12*c**2 - c. Give m(-1).
13
Let d(j) = -7*j**2 + 122*j - 48. Calculate d(17).
3
Let j(f) = f**2 + 2*f - 4. Calculate j(-4).
4
Let l(v) = -v**3 - 4*v**2 - 6*v - 25. Calculate l(-6).
83
Let r(b) = b**3 - 2*b**2 + b - 3. Determine r(2).
-1
Let z(t) = t**3 - 4*t**2 + 2*t - 8. Determine z(0).
-8
Let y(j) = 4*j - 35. Determine y(11).
9
Let n(m) = -3*m**2 - 41*m - 8. Give n(-14).
-22
Let t(b) = -13*b - 64. What is t(-3)?
-25
Let q(l) = -l + 4. Determine q(-1).
5
Let v(t